 hundreds digit of 1274?
2
What is the ten thousands digit of 19076?
1
What is the thousands digit of 3719?
3
What is the tens digit of 829?
2
What is the units digit of 6752?
2
What is the hundreds digit of 52702?
7
What is the thousands digit of 4576?
4
What is the units digit of 332?
2
What is the thousands digit of 2765?
2
What is the hundreds digit of 8219?
2
What is the tens digit of 952?
5
What is the thousands digit of 1390?
1
What is the tens digit of 29152?
5
What is the thousands digit of 9072?
9
What is the hundreds digit of 60664?
6
What is the units digit of 34700?
0
What is the tens digit of 1341?
4
What is the units digit of 7264?
4
What is the thousands digit of 2744?
2
What is the tens digit of 6147?
4
What is the hundreds digit of 3976?
9
What is the tens digit of 14290?
9
What is the hundreds digit of 8839?
8
What is the thousands digit of 66929?
6
What is the tens digit of 44608?
0
What is the hundreds digit of 4164?
1
What is the units digit of 2766?
6
What is the tens digit of 7896?
9
What is the tens digit of 43?
4
What is the tens digit of 1024?
2
What is the units digit of 4093?
3
What is the tens digit of 7007?
0
What is the hundreds digit of 750?
7
What is the thousands digit of 6631?
6
What is the units digit of 89991?
1
What is the hundreds digit of 34946?
9
What is the units digit of 11170?
0
What is the hundreds digit of 8637?
6
What is the units digit of 1094?
4
What is the tens digit of 126894?
9
What is the units digit of 4524?
4
What is the ten thousands digit of 54335?
5
What is the thousands digit of 25742?
5
What is the units digit of 11966?
6
What is the tens digit of 5408?
0
What is the units digit of 16779?
9
What is the units digit of 7193?
3
What is the ten thousands digit of 20195?
2
What is the hundreds digit of 32480?
4
What is the units digit of 35900?
0
What is the tens digit of 25204?
0
What is the hundreds digit of 45722?
7
What is the hundreds digit of 27624?
6
What is the hundreds digit of 1092?
0
What is the thousands digit of 9513?
9
What is the units digit of 112568?
8
What is the units digit of 45930?
0
What is the units digit of 393?
3
What is the units digit of 441?
1
What is the tens digit of 108270?
7
What is the units digit of 3449?
9
What is the tens digit of 6027?
2
What is the ten thousands digit of 32230?
3
What is the tens digit of 44679?
7
What is the tens digit of 7169?
6
What is the thousands digit of 1906?
1
What is the thousands digit of 5864?
5
What is the hundreds digit of 1290?
2
What is the hundreds digit of 7133?
1
What is the units digit of 4947?
7
What is the tens digit of 1438?
3
What is the thousands digit of 8876?
8
What is the ten thousands digit of 25639?
2
What is the tens digit of 3028?
2
What is the ten thousands digit of 28471?
2
What is the tens digit of 587?
8
What is the hundreds digit of 112264?
2
What is the tens digit of 3636?
3
What is the units digit of 1187?
7
What is the hundreds digit of 101145?
1
What is the hundreds digit of 892?
8
What is the hundreds digit of 11703?
7
What is the hundreds digit of 34606?
6
What is the hundreds digit of 9520?
5
What is the thousands digit of 22559?
2
What is the hundreds digit of 3757?
7
What is the hundreds digit of 6561?
5
What is the thousands digit of 3678?
3
What is the tens digit of 1673?
7
What is the tens digit of 104061?
6
What is the hundreds digit of 724?
7
What is the hundreds digit of 13554?
5
What is the units digit of 17624?
4
What is the thousands digit of 6243?
6
What is the hundreds digit of 3474?
4
What is the tens digit of 38031?
3
What is the thousands digit of 70135?
0
What is the hundreds digit of 1062?
0
What is the thousands digit of 12092?
2
What is the units digit of 6706?
6
What is the units digit of 34415?
5
What is the tens digit of 1522?
2
What is the thousands digit of 62521?
2
What is the thousands digit of 16060?
6
What is the ten thousands digit of 70011?
7
What is the units digit of 20645?
5
What is the units digit of 1349?
9
What is the thousands digit of 76077?
6
What is the units digit of 4784?
4
What is the units digit of 3358?
8
What is the units digit of 2883?
3
What is the units digit of 33859?
9
What is the hundreds digit of 20523?
5
What is the thousands digit of 12235?
2
What is the hundreds digit of 3389?
3
What is the units digit of 3692?
2
What is the tens digit of 1086?
8
What is the tens digit of 26798?
9
What is the tens digit of 2835?
3
What is the units digit of 57030?
0
What is the thousands digit of 1694?
1
What is the tens digit of 55301?
0
What is the tens digit of 1399?
9
What is the tens digit of 7466?
6
What is the units digit of 48666?
6
What is the hundreds digit of 44853?
8
What is the units digit of 45206?
6
What is the ten thousands digit of 28123?
2
What is the ten thousands digit of 43288?
4
What is the units digit of 2873?
3
What is the tens digit of 3768?
6
What is the ten thousands digit of 14253?
1
What is the hundreds digit of 6888?
8
What is the thousands digit of 4342?
4
What is the tens digit of 331?
3
What is the tens digit of 1593?
9
What is the tens digit of 3620?
2
What is the units digit of 1399?
9
What is the tens digit of 63103?
0
What is the hundreds digit of 10166?
1
What is the hundreds digit of 34301?
3
What is the thousands digit of 30551?
0
What is the hundreds digit of 11571?
5
What is the hundreds digit of 943?
9
What is the units digit of 7105?
5
What is the hundreds digit of 3413?
4
What is the tens digit of 21272?
7
What is the units digit of 4365?
5
What is the units digit of 13909?
9
What is the thousands digit of 14442?
4
What is the hundreds digit of 60710?
7
What is the tens digit of 732?
3
What is the tens digit of 1103?
0
What is the units digit of 51403?
3
What is the ten thousands digit of 35517?
3
What is the ten thousands digit of 46285?
4
What is the hundreds digit of 162138?
1
What is the thousands digit of 13886?
3
What is the tens digit of 11175?
7
What is the thousands digit of 23767?
3
What is the thousands digit of 12584?
2
What is the units digit of 2186?
6
What is the ten thousands digit of 32718?
3
What is the units digit of 16?
6
What is the hundreds digit of 123?
1
What is the hundreds digit of 36794?
7
What is the ten thousands digit of 27016?
2
What is the tens digit of 15?
1
What is the tens digit of 5086?
8
What is the ten thousands digit of 57316?
5
What is the tens digit of 34970?
7
What is the hundreds digit of 4648?
6
What is the hundreds digit of 4585?
5
What is the ten thousands digit of 30078?
3
What is the hundreds digit of 43923?
9
What is the tens digit of 15236?
3
What is the units digit of 6949?
9
What is the tens digit of 11888?
8
What is the ten thousands digit of 32483?
3
What is the tens digit of 316?
1
What is the tens digit of 524?
2
What is the ten thousands digit of 30568?
3
What is the ten thousands digit of 148849?
4
What is the tens digit of 1005?
0
What is the thousands digit of 15447?
5
What is the ten thousands digit of 18236?
1
What is the tens digit of 6835?
3
What is the hundreds digit of 100015?
0
What is the tens digit of 1556?
5
What is the units digit of 4287?
7
What is the tens digit of 1894?
9
What is the thousands digit of 2320?
2
What is the units digit of 16701?
1
What is the hundreds digit of 50039?
0
What is the units digit of 92731?
1
What is the thousands digit of 187207?
7
What is the units digit of 2654?
4
What is the tens digit of 1431?
3
What is the units digit of 44593?
3
What is the hundreds digit of 5532?
5
What is the ten thousands digit of 16064?
1
What is the units digit of 2754?
4
What is the tens digit of 240?
4
What is the thousands digit of 9272?
9
What is the hundreds digit of 241?
2
What is the thousands digit of 3052?
3
What is the tens digit of 1249?
4
What is the thousands digit of 12843?
2
What is the units digit of 3622?
2
What is the tens digit of 10442?
4
What is the ten thousands digit of 22366?
2
What is the tens digit of 5077?
7
What is the thousands digit of 1086?
1
What is the hundreds digit of 40525?
5
What is the hundreds digit of 27558?
5
What is the units digit of 75053?
3
What is the tens digit of 15976?
7
What is the hundreds digit of 299?
2
What is the tens digit of 20998?
9
What is the tens digit of 619?
1
Wha